 181 = 4*t, 0 = 4*t + 5*w - 139. Let b = -16 + t. What is the units digit of b?
0
Let s(x) = 39*x. What is the tens digit of s(2)?
7
Let k(j) be the third derivative of j**7/5040 + 7*j**6/720 + j**5/60 - 2*j**2. Let q(y) be the third derivative of k(y). What is the units digit of q(-4)?
3
Suppose 4*c = 9*c - 20. Suppose g - 170 = -c*g. Suppose -3*v = -5*v + g. What is the units digit of v?
7
Let n(c) = c**2 - 4*c + 6. Let z be n(4). Let q be 330/(-3)*3/z. What is the tens digit of q/20*(-3 - 1)?
1
Suppose 0 = 11*f - 16*f + 365. What is the tens digit of f?
7
Let y(c) = c**3 + 8*c**2 - 6*c + 6. What is the units digit of y(-5)?
1
What is the units digit of 9/7 - 22/77?
1
Let j = 2 - -1. Suppose j*a - 13 = -3*n + 38, 2*n = 4. What is the tens digit of a?
1
Let u(p) = 14*p - 1. Let y be u(1). Let a be y/(-4) - (-1)/4. What is the units digit of 2/3 + (-25)/a?
9
Suppose -5*y + 4 = -136. What is the units digit of y?
8
Let x(y) = 3*y**3 - 12*y**2 - 7. What is the units digit of x(6)?
9
Let x(p) be the first derivative of 10*p**3/3 - p**2 + p + 5. What is the units digit of x(1)?
9
Suppose -2*p + 15 + 19 = 0. What is the tens digit of p?
1
Let f be -2*(-3)/(-2)*-1. Suppose -f*p + 5 = -2*p + b, -7 = -2*p - 3*b. What is the units digit of p?
8
Let o = 10 - 5. Suppose m = -4*m - 4*r + 75, 3*r = -o*m + 70. What is the tens digit of m?
1
Let n be -5*-1*(-12)/(-20). Let w be (-2)/4 - 11/2. What is the units digit of (n/w)/((-1)/34)?
7
Suppose -2 = -s - 0. Let t be 2/5 - (-13)/5 - 4. What is the units digit of 0 + 5 + (s - t)?
8
Suppose -4*p = 2*j + 20, -4*p - 4*j - 16 = -0*p. Let h(g) = -g**3 - 6*g**2 - g + 11. What is the units digit of h(p)?
7
Let m be (-199)/(-4) - (-18)/(-24). Suppose w + 4 = 0, -m = -2*n + w + 13. What is the tens digit of n?
2
Suppose -4 = -5*w + 11. Suppose 38 - 8 = w*d. What is the units digit of d?
0
Let r = -1 - -1. Let j(v) = v + 7. Let n be j(-7). Suppose s + r*s - 3 = n. What is the units digit of s?
3
What is the tens digit of -66*5/(-10) - 3?
3
Suppose -m = 4*m - 25. Suppose m*i - 6 = 4. What is the units digit of i?
2
Let n be (10/(-5))/((-2)/(-8)). Let i = 15 + n. What is the units digit of i?
7
Suppose -h = 3 - 7. Let s = 4 + h. What is the units digit of s?
8
Let j be 66/(-10) - (-6)/10. Let v be (-2)/(-6) + (-58)/j. What is the tens digit of 2/5 + 96/v?
1
Let a(j) = -j**3 - j**2 + j + 4. Let g be a(0). Let l be (g - 2)/(6/45). Suppose -w + 3 = 3*i - 2*i, -5*w - i + l = 0. What is the units digit of w?
3
Suppose 5*z = 5*p + 35, 5*z - 4*p + 5*p - 47 = 0. Let r = z + -5. What is the units digit of r?
4
Suppose -3*o - 61 = -7*o - 3*d, -3*d = -3*o + 30. Suppose 4*p - o = 3*p. What is the tens digit of p?
1
Suppose 0 = -2*a + 10, a = 2*c - 2 - 1. Let m(z) = z. What is the units digit of m(c)?
4
Let p(w) be the first derivative of 3*w**2/2 + 3*w - 4. What is the units digit of p(3)?
2
Let c(v) = -14*v - 28. What is the units digit of c(-13)?
4
Let f be (-2)/8 - 214/8. Let u = -57 - f. Let n = 48 + u. What is the tens digit of n?
1
Let m = -241 - -53. What is the tens digit of 1/(-2) + m/(-8)?
2
Let j(z) = -z**3 + z - z + 1 + z + 4*z**2. What is the units digit of j(3)?
3
Let o(m) = -m**2 - 13*m - 9. What is the units digit of o(-9)?
7
Suppose 5*v - 11 - 49 = 0. Suppose -2*a + v = -6. Suppose -a = -5*z + 36. What is the units digit of z?
9
Let h = -6 - -19. Suppose 3*f + 2*m = -3*m + 17, 3*m = 4*f - h. Suppose 33 = f*r - l, l = -3*r + 4*l + 27. What is the units digit of r?
8
Suppose -5*y + 66 + 169 = 0. What is the units digit of y?
7
Let b be (-4 - -3)/((-2)/12). Suppose 0*w + 5*r = w + 9, 0 = 2*r - 2. Let s = b + w. What is the units digit of s?
2
Let a = -97 - -179. What is the units digit of a?
2
Let y = -1 + -6. Let u(p) = p**3 + 8*p**2 + 6*p + 3. What is the units digit of u(y)?
0
Let h be (-26)/6*(-6 + 3). What is the units digit of 0/(-1) - (0 - h)?
3
What is the units digit of (-2735)/(-8) - 1/(-8)?
2
Suppose -164 = -2*p + 2*o, -4*o - 20 = o. What is the tens digit of p?
7
Let r(c) = -27*c**3 + 2*c**2 - 1. What is the tens digit of r(-1)?
2
Let w = 8 - 0. What is the units digit of w?
8
Suppose -5*u = -u - 32. What is the units digit of u?
8
Suppose w + 3 = 11. Suppose -3*k + 27 = -9. Let r = k - w. What is the units digit of r?
4
Suppose b = -0*b - r - 1, 5*b - 2*r + 26 = 0. Let q(h) = -h - 4. Let i(f) = -1. Let x(w) = b*i(w) - q(w). What is the tens digit of x(6)?
1
Suppose 14 = 4*d + 3*f - 11, f - 7 = -d. Let q = d + -2. Let m = 1 + q. What is the units digit of m?
3
Let r be 1*2*(-35)/(-14). Suppose -r = -3*x + 1. What is the units digit of x?
2
Let j = -32 - -46. Let x = 20 - j. What is the units digit of x/(-4)*(-4)/3?
2
Let u = 4 + -5. What is the units digit of 10 - (u + -2 - -4)?
9
Let i(s) = 6*s - 2. Let w be i(2). Let a(y) = y - 1. What is the units digit of a(w)?
9
Suppose 0 = 16*q - 14*q - 72. What is the tens digit of q?
3
Let w = 1 - -1. Suppose 0*r - r = -w. Suppose 2*a + r = -3*z + 1, -5*a = -z - 6. What is the units digit of a?
1
Suppose 4*i + 0*i = 56. What is the units digit of (-2)/(-6) - i/(-3)?
5
Suppose -8*a - 104 = -12*a. What is the tens digit of a?
2
Let q be -1 + (2 - 0) + -7. Let g(i) = -2*i + 1. What is the tens digit of g(q)?
1
Let t = -5 - -2. What is the units digit of -6*(-2 + t/6)?
5
What is the units digit of (-15)/4*80/(-6)?
0
What is the units digit of 3 - (675/6)/((-2)/4)?
8
Let a be 4 + 1*(3 - 2). Suppose -c = a*w - 30, 2*w + 3*c - 10 = 15. What is the units digit of w?
5
Let r(m) = m**3 - 15*m**2 + 15*m - 9. What is the units digit of r(14)?
5
Suppose -1 + 79 = r. What is the tens digit of ((-20)/(-12))/5*r?
2
Let a = 76 - -11. What is the units digit of a?
7
Suppose -90 = -6*u + u. Suppose -u = -v - v - 2*b, -b = 4*v - 51. What is the units digit of v?
4
Let a be (1 + -2)/((-5)/20). Suppose -5*h + 4*x + 151 = 0, -a = -4*x - 0. Suppose -3*r + 11 = -h. What is the units digit of r?
4
Suppose 7*b = 2*b. Suppose b = 3*c - 6*c + 3. What is the tens digit of 20*(c/2 + 0)?
1
Suppose 14 - 404 = -5*d. What is the units digit of d?
8
Let r = 188 + -111. What is the tens digit of r?
7
Let r be -2*3/((-6)/5). What is the units digit of r - (-6 - -3)/(-1)?
2
Suppose -5*y = 5*n - 385, -395 = -5*y + 3*n - 6*n. What is the tens digit of y?
8
Suppose r = -2*v - 2*r + 74, 2*r + 37 = v. What is the tens digit of v?
3
Let w = -36 + 63. What is the units digit of w?
7
Let h(b) be the third derivative of -b**7/2520 - b**6/240 + b**5/60 - b**2. Let y(w) be the third derivative of h(w). What is the units digit of y(-4)?
5
Suppose -4*t + 374 + 690 = 0. What is the units digit of t?
6
Suppose 4*b = 111 - 59. What is the tens digit of b?
1
Let p = 8 + -4. Suppose 2*d - 4 = -p*k + 2*k, -29 = -4*k + 3*d. Suppose -3*u + 5*m + 14 = 0, m - 16 = -k*u + 2*m. What is the units digit of u?
3
Let q(w) = 13*w**3 - 27*w**2 + 32*w - 4. Let i(u) = 3*u**3 - 7*u**2 + 8*u - 1. Let b(d) = -9*i(d) + 2*q(d). What is the units digit of b(8)?
1
Suppose 0 = -4*h + 3*o + 549, -3*o = -0 - 15. Suppose 3*g = -2*c + 75 + 9, -3*c = 5*g - h. What is the units digit of g?
0
Suppose -3*y - 426 = -1566. Suppose 9*j - y = 5*j. Suppose -c = -6*c + j. What is the tens digit of c?
1
Let x be (-4)/(-6)*-3 - -1. Let v be (-3 - x)/(4/(-6)). Suppose -3 = v*z + a - 30, -5*a = z - 23. What is the units digit of z?
8
Suppose 6*w = 3*w - 2*n + 7, n + 19 = 3*w. Let h(s) = -s**3 + 5*s**2 + 3*s + 4. What is the tens digit of h(w)?
1
Let h(r) = -r**3 - 5*r**2 + 5*r + 5. Let f be h(-6). Suppose 43 = 2*d + f. What is the units digit of d?
6
Let w(h) = 2*h**2 - 20*h + 8. What is the units digit of w(13)?
6
What is the units digit of 67 + -4 - (-1 + -2)?
6
Suppose -4*y + 6*y - 190 = 0. What is the tens digit of y?
9
Let f(n) = 2*n**3 + 4*n**2 + 2*n - 3. Let j be f(-4). Let q = 118 + j. What is the units digit of q?
3
Suppose -524 = -4*r + 4*k, 123 = -r + 2*r + k. What is the units digit of r?
7
Let v = -14 - -8. Let x(z) = 5*z + 10. Let h(m) = -4*m - 10. Let b(u) = v*h(u) - 5*x(u). What is the units digit of b(6)?
4
Let b = 9 + -16. Let o(q) = q + 8. What is the units digit of o(b)?
1
Let f(d) = 20*d - 16. What is the units digit of f(5)?
4
Suppose 2 - 10 = 2*f + 2*l, 5*f = 3*l + 20. Let q = 17 - f. Suppose -4*n + 20 = -q. What is the units digit of